(g) = -g - 3. Determine n(q).
2
Let d(j) = 5*j**3 + 4*j**2 + 2*j + 14. Let h(y) = -2*y**3 - y**2 - y - 5. Let b(n) = -3*d(n) - 8*h(n). What is b(3)?
-5
Let t(o) be the first derivative of -o**4/12 - 2*o**3/3 + 3*o**2/2 - 2*o - 2. Let v(a) be the first derivative of t(a). Give v(-4).
3
Let p(y) = y**2 - 6*y + 3. Let b = -1 + 7. Determine p(b).
3
Suppose 6 = z + 2. Let r(p) = 3*p**2 + 0 + 2 + 3 - z. Determine r(1).
4
Let m = 13 - 17. Let f(x) = -3*x**3 + 8*x**2 - 13. Let r(s) = -4*s**3 + 12*s**2 - 19. Let t(z) = 7*f(z) - 5*r(z). Determine t(m).
4
Let p(i) = -2*i. Let v be -4 + 7 + (-2 - -2). What is p(v)?
-6
Let d(o) be the third derivative of o**4/12 - o**3/6 + 5*o**2. What is d(2)?
3
Let l(h) = -h**3 - 5*h**2 - h + 1. Let a(x) = -2*x**3 + 2*x - 6 - 3*x**3 + 6*x**2 + 4*x**3. Let d be a(6). Suppose -d*y - 15 = -3*y. Determine l(y).
6
Let z(c) = c**2 - 2*c + 2. Let s be z(2). Let a be ((-31)/s)/(1/(-2)). Suppose 4*m - q + 25 = 0, -3*m = -q + a - 11. Let r(h) = -h**2 - 7*h - 3. What is r(m)?
7
Suppose -3*h + 10 = -2*h. Let f = h + -5. Let i(g) be the second derivative of g**3/6 - 2*g**2 - g. Give i(f).
1
Suppose -5*v - 8 = 32. Let y(h) = -h**3 - 9*h**2 - 10*h - 12. Determine y(v).
4
Let v be (3/3 - 2) + 3. Let m(q) = q**3 - 2*q + 2. Let y be m(v). Let s = 6 - y. Let k(a) = -a**3 - a**2 - a + 1. Calculate k(s).
1
Let a be ((-3)/2)/((-9)/24). Let l(c) = -c**3 + 5*c**2 - 6*c + 3. Determine l(a).
-5
Let f(m) = -4 - 3*m**2 + 4*m + 9*m**3 - 8*m**3 - 2*m. Give f(3).
2
Let s(p) = 2*p**2 + 2*p + 4. Suppose 0 = -2*z - 3*z - 2*i - 9, 0 = -5*z - 4*i - 3. Determine s(z).
16
Let s(u) = u**3 + 6*u**2 - 6*u + 9. Let a be s(-7). Let r(i) = -5 + i**a + 0 + 3*i + i. Let v = -7 + 3. Calculate r(v).
-5
Let w(h) = 3*h**3 + h - 2*h**3 - 3*h**2 + 6*h**2 + 2*h + 3. Calculate w(-3).
-6
Let q = -8 + 25. Let f be (-83)/q + (-8)/68. Let h(a) = -a + 2. What is h(f)?
7
Let o(b) = -b**3 - 4*b**2 + b. Suppose -4*g + 12 = -10*g. Determine o(g).
-10
Let p = 8 + -9. Let k(m) = -4 + 3 + 2 + 4*m. Calculate k(p).
-3
Let t(d) be the second derivative of d**5/20 - 7*d**4/12 + d**3/3 - 9*d**2/2 - 13*d. Give t(7).
5
Let v(c) = -c + 1. Let g(b) be the third derivative of b**5/60 + b**4/8 - b**3/2 + 3*b**2. Let a(t) = -g(t) - 4*v(t). Give a(0).
-1
Let h(f) = 3*f. Let c = 26 + -25. Determine h(c).
3
Suppose 0 = -3*m - 11 + 8. Let i(d) = -d**3 - d**2 - d. Calculate i(m).
1
Let f = -4 + 4. Let j be (2 - -2) + (1 - f). Suppose 25 = -5*q, -j*q - 6 = -5*u + 9. Let w(r) = -r**3 - 4*r**2 - 2*r + 2. Give w(u).
-2
Let p(a) = -a. Let r(y) = -2*y + 9. Let c(l) = 3*p(l) - r(l). Suppose -2*v + 6 = -3*v. Give c(v).
-3
Let k(t) be the second derivative of t**4/12 - t**3/6 + t**2/2 + t. Let x = 6 - 3. Suppose g - 3 = x*m, -3 = -g + m + 4*m. Calculate k(g).
7
Let z(m) be the second derivative of -5/2*m**2 + 0 + 8*m - 5/12*m**4 - 1/6*m**3 + 1/20*m**5. What is z(5)?
-10
Let f(m) = -2*m - m + m + 0 - 5. Let n be f(-5). Let r(u) be the third derivative of -u**6/120 + u**5/10 - u**4/6 - 7*u**3/6 + u**2. What is r(n)?
-2
Let u(k) = 7*k**2 - 5*k - 7. Let y(q) = -20*q**2 + 14*q + 20. Let c(m) = -17*u(m) - 6*y(m). Calculate c(-4).
11
Suppose 5*i = -t + 14, -6*i + i + 19 = -4*t. Let w(m) = 2*m + m**2 + i*m + 2*m. Determine w(-5).
-10
Suppose -2*s = -w - 0*w - 4, -4*w = 5*s - 36. Suppose 0 = 4*d + 12, -s*x - 4*d - 11 = -5*x. Let k(l) = -3*l - 1 - 3*l**3 + 0*l - 2*l**2 + l. Calculate k(x).
2
Let u be (0 + 6)*4/(-8) - 1. Let i(r) = -3*r - 6. Calculate i(u).
6
Let j(v) = -v**2 + 5*v + 3. Suppose 25 + 0 = 5*p. What is j(p)?
3
Let l(u) = 5*u**2 + 2*u - 1. Let x = -4 - -4. Suppose x = 2*i + 1 - 3. What is l(i)?
6
Suppose -2*f = -r + 5*r + 4, -4*r - 6 = 3*f. Let d(j) = j**2 - 16. Determine d(r).
-16
Let m(k) = -k**3 - 5*k**2 - 6*k + 5. Let w(p) = -6*p - 3*p + 4*p - p**3 - 5*p**2 + 4. Let f(x) = 2*m(x) - 3*w(x). Let t be 136/(-36) + (-10)/45. Calculate f(t).
2
Let k(l) = l - 1. Let s be 1/(-1 + 0)*0. What is k(s)?
-1
Let p(g) = -g**3 - 2*g**2 + 10*g + 4. Let o be p(-4). Let v(w) = -3*w - 2. Calculate v(o).
10
Let i(o) = -6*o**3 - 2*o**2 + o. Let w(t) be the first derivative of t**2/2 - 5*t - 3. Let p be w(6). What is i(p)?
-7
Let f(n) = -7*n**2 + 13*n - 13. Let b(x) = -3*x**2 + 6*x - 6. Let d(o) = 5*b(o) - 2*f(o). Let t = 4 + -1. Give d(t).
-1
Let v be -3*1*1 - 1. Let f = v - -5. Let k(w) = 5*w + 0*w - f - 4*w. Determine k(-3).
-4
Let i = 5 + -3. Let l(a) = 5 + 6*a**2 - 2 - 3*a**i + 3*a. Let f = -1 + -1. Calculate l(f).
9
Let q(g) = 3 + 3 + 4*g - 3. Let p(l) = -l**3 + 4*l**2 - 5*l + 4. Let j be p(3). What is q(j)?
-5
Let r(c) be the third derivative of -c**4/24 - 7*c**3/6 + 17*c**2. Calculate r(5).
-12
Let p(w) = w**3 + 2*w**2 - 4. Let u be p(0). Let t(y) = -y**2 - 6*y - 3. Determine t(u).
5
Suppose -3*s - 3 = -f - 9, s = f + 4. Let n = f - -6. Let o(d) = -d + 7. Let l(c) = 2*c - 15. Let k(m) = 4*l(m) + 9*o(m). Determine k(n).
0
Let o(d) = d**2 + 7*d - 6. Let y(f) = -4*f**2 - 5*f + 1. Let r be y(1). Determine o(r).
2
Let q(t) = t**2 - 6*t + 3. Let r be 5 - (-4 - -3) - 2. Give q(r).
-5
Let k(t) = -t**2 - t + 10. Let n be (3 + (0 - 3))/1. Let z be k(n). Let r = 12 - z. Let p(h) = 4*h**2 - 3*h + 3. Determine p(r).
13
Let g(h) = 7*h**2 + 4*h**2 + 5*h**2 + 6 - 15*h**2 + 7*h. Give g(-5).
-4
Let l(s) = s**2 + s - 9. Suppose -3*g - 2 = 4*q - 28, -5*q + 25 = 0. Suppose 3*p = -g*p. Calculate l(p).
-9
Let d(h) be the first derivative of -h**3/3 + h**2/2 - 8*h - 3. Let s(g) = g - 4. Let r be s(4). Determine d(r).
-8
Suppose -5 - 7 = -6*z. Suppose z = -r - 0. Let b(l) = -2*l**3 - 2*l**2 - l - 2. Determine b(r).
8
Let g = -4 + 3. Let s(f) = -4 + 261*f**2 + 3 - 2*f - 267*f**2. Determine s(g).
-5
Let p be 1/2*(2 + 8). Suppose 3 = 4*x - p. Let j(s) = -2 + 0*s + 3*s + 5 + s**x + 2*s. Calculate j(-3).
-3
Suppose 4 + 2 = 3*p + 3*z, -4*z - 24 = -4*p. Let i(h) = -h**2 + h - 1. Suppose 0*b - 1 = b. Let v(a) = 3*a**2 - 4*a. Let g(f) = b*v(f) - 2*i(f). Give g(p).
-6
Let s(r) be the first derivative of -r**2/2 - 5*r + 16. What is s(-7)?
2
Let f(y) = -y**3 - 7*y**2 - 5*y - 8. Suppose -3*w = 9 + 9. Determine f(w).
-14
Let x be 4*(-1 - 9/(-6)). Let r be (-4)/10 + x/5. Let k(h) be the second derivative of h**4/12 + h**3/6 - 7*h**2/2 - h. Determine k(r).
-7
Let w(n) = 4*n - 2. Let h(a) = -a. Suppose 3*o + 3 = 3*i - 9, -7 = 2*i + 3*o. Let u(v) = i*w(v) + 5*h(v). Let m = 2 + -2. Give u(m).
-2
Let h be (2 + 1)/((-3)/4). Let u(j) = -j**3 - 2*j**2 + 4*j - 4. Give u(h).
12
Let m(h) be the first derivative of -h**3/3 - 5*h**2/2 + 2*h - 3. Determine m(-5).
2
Suppose 5*x + 12 = -8. Let d = 7 + x. Let m(f) be the second derivative of f**3/2 - 3*f**2/2 - f. Give m(d).
6
Let h(s) = -2*s**2 + 15*s + 11. Let b(l) = l**2 - 7*l - 5. Let i(q) = -13*b(q) - 6*h(q). Give i(1).
-1
Let j(a) be the second derivative of -1/6*a**3 + 0*a**2 + 0*a**4 + 1/90*a**6 + 0 - 1/40*a**5 - 3*a. Let q(u) be the second derivative of j(u). Calculate q(2).
10
Suppose 0 = -5*f + 3*a + 12, 5*a + 4 = 6*f - 3*f. Suppose -f*c = -5*c - 10. Let x(o) = o - 2. Determine x(c).
-7
Let o(k) = 17*k**3 + k**2 - 1. Let w = 11 + -10. Give o(w).
17
Let f(x) = -2*x**3 + 9*x**2 + 1. Let q(l) = -l**3 + 5*l**2 + 1. Let m(u) = 2*f(u) - 5*q(u). Determine m(7).
-3
Let v(f) = -f**2 + 6*f + 9. Suppose 0 = g + 1 - 8. Determine v(g).
2
Let q(o) be the second derivative of -o**6/360 + o**5/120 + o**4/6 - 3*o. Let g(b) be the third derivative of q(b). Calculate g(2).
-3
Let j(l) be the third derivative of -1/24*l**4 + 0*l - 2/3*l**3 - 4*l**2 + 0. What is j(-6)?
2
Let v(x) = -5*x**2 + 10*x - 8. Let l(b) = b**2 - b + 1. Let g(z) = 4*l(z) + v(z). Calculate g(4).
4
Let r(w) = -w**2 - 4*w + 5. Let j be 1/(-2) - 63/(-6). Let o be ((-4)/j)/(1/(-10)). Suppose -4 = 2*b + n + n, -2*n + 26 = -o*b. What is r(b)?
0
Let m(d) be the first derivative of 2*d**3/3 - d**2 - d + 2. Suppose 7 = q + 2. Suppose 5*u - 5 - q = 0. What is m(u)?
3
Let x be (-1 - -3 - -5)*1. Let i = x - 2. Let g(q) be the second derivative of q**4/12 - 5*q**3/6 + 2*q**2 - 3*q. Calculate g(i).
4
Let t be (3*-3)/(3/2). Let b(y) = -3*y + 7*y + 94 - 5*y**2 + 3*y - y**3 - 92. Determine b(t).
-4
Let g(r) be the third derivative of r**6/180 - r**5/60 + r**4/24 - r**3 - 5*r**2. Let w(t) be the first derivative of g(t). Give w(1).
1
Let x(z) = z**3 - 2*z**2 - z. Let r be x(3)